{"id":12811,"date":"2017-08-19T04:14:29","date_gmt":"2017-08-19T03:14:29","guid":{"rendered":"https:\/\/www.inkston.com\/community\/business-directory\/"},"modified":"2018-05-20T20:28:20","modified_gmt":"2018-05-20T19:28:20","slug":"directory","status":"publish","type":"page","link":"https:\/\/www.inkston.com\/community\/directory\/","title":{"rendered":"Directory"},"content":{"rendered":"<div class=\"lang en\">Directory of Artists and Calligraphers around the world specialising in Oriental arts.<\/div>\n<div class=\"lang fr\">Annuaire des artistes et calligraphes du monde sp\u00e9cialis\u00e9 dans les arts orientaux.<\/div>\n<div class=\"lang es\">Directorio de artistas y cal\u00edgrafos de todo el mundo especializados en artes orientales.<\/div>\n<div class=\"lang de\">Verzeichnis von K\u00fcnstlern und Kalligraphen auf der ganzen Welt, spezialisiert auf orientalische K\u00fcnste.<\/div>\n<p>[businessdirectory]<\/p>\n","protected":false},"excerpt":{"rendered":"<p>Directory of Artists and Calligraphers around the world specialising in Oriental arts. Annuaire des artistes et calligraphes du monde sp\u00e9cialis\u00e9 dans les arts orientaux. Directorio de artistas y cal\u00edgrafos de todo el mundo especializados en&#8230;<\/p>\n","protected":false},"author":1,"featured_media":13888,"parent":0,"menu_order":0,"comment_status":"closed","ping_status":"closed","template":"","meta":{"_bbp_topic_count":0,"_bbp_reply_count":0,"_bbp_total_topic_count":0,"_bbp_total_reply_count":0,"_bbp_voice_count":0,"_bbp_anonymous_reply_count":0,"_bbp_topic_count_hidden":0,"_bbp_reply_count_hidden":0,"_bbp_forum_subforum_count":0,"footnotes":""},"yoast_head":"<!-- This site is optimized with the Yoast SEO plugin v19.7.1 - https:\/\/yoast.com\/wordpress\/plugins\/seo\/ -->\n<title>Oriental Art - Studio Directory<\/title>\n<meta name=\"description\" content=\"Directory of Artists and Calligraphers around the world specialising in Oriental arts.\" \/>\n<meta name=\"robots\" content=\"index, follow, max-snippet:-1, max-image-preview:large, max-video-preview:-1\" \/>\n<link rel=\"canonical\" href=\"https:\/\/www.inkston.com\/community\/directory\/\" \/>\n<meta property=\"og:locale\" content=\"en_GB\" \/>\n<meta property=\"og:type\" content=\"article\" \/>\n<meta property=\"og:title\" content=\"Oriental Art - Studio Directory\" \/>\n<meta property=\"og:description\" content=\"Directory of Artists and Calligraphers around the world specialising in Oriental arts.\" \/>\n<meta property=\"og:url\" content=\"https:\/\/www.inkston.com\/community\/directory\/\" \/>\n<meta property=\"og:site_name\" content=\"Inkston Oriental Art Community\" \/>\n<meta property=\"article:publisher\" content=\"https:\/\/www.facebook.com\/theinkston\/\" \/>\n<meta property=\"article:modified_time\" content=\"2018-05-20T19:28:20+00:00\" \/>\n<meta property=\"og:image\" content=\"https:\/\/www.inkston.com\/wp-content\/uploads\/sites\/2\/2017\/08\/inkston-design-events-art-materials-poster-o.jpg\" \/>\n\t<meta property=\"og:image:width\" content=\"1280\" \/>\n\t<meta property=\"og:image:height\" content=\"1280\" \/>\n\t<meta property=\"og:image:type\" content=\"image\/jpeg\" \/>\n<meta name=\"twitter:card\" content=\"summary_large_image\" \/>\n<meta name=\"twitter:site\" content=\"@theInkston\" \/>\n<script type=\"application\/ld+json\" class=\"yoast-schema-graph\">{\"@context\":\"https:\/\/schema.org\",\"@graph\":[{\"@type\":\"WebPage\",\"@id\":\"https:\/\/www.inkston.com\/community\/directory\/\",\"url\":\"https:\/\/www.inkston.com\/community\/directory\/\",\"name\":\"Oriental Art - Studio Directory\",\"isPartOf\":{\"@id\":\"https:\/\/www.inkston.com\/community\/#website\"},\"datePublished\":\"2017-08-19T03:14:29+00:00\",\"dateModified\":\"2018-05-20T19:28:20+00:00\",\"description\":\"Directory of Artists and Calligraphers around the world specialising in Oriental arts.\",\"breadcrumb\":{\"@id\":\"https:\/\/www.inkston.com\/community\/directory\/#breadcrumb\"},\"inLanguage\":\"en-GB\",\"potentialAction\":[{\"@type\":\"ReadAction\",\"target\":[\"https:\/\/www.inkston.com\/community\/directory\/\"]}]},{\"@type\":\"BreadcrumbList\",\"@id\":\"https:\/\/www.inkston.com\/community\/directory\/#breadcrumb\",\"itemListElement\":[{\"@type\":\"ListItem\",\"position\":1,\"name\":\"Home\",\"item\":\"https:\/\/www.inkston.com\/community\/\"},{\"@type\":\"ListItem\",\"position\":2,\"name\":\"Directory\"}]},{\"@type\":\"WebSite\",\"@id\":\"https:\/\/www.inkston.com\/community\/#website\",\"url\":\"https:\/\/www.inkston.com\/community\/\",\"name\":\"Inkston Oriental Art Community\",\"description\":\"community resource provided by Inkston\",\"publisher\":{\"@id\":\"https:\/\/www.inkston.com\/community\/#organization\"},\"potentialAction\":[{\"@type\":\"SearchAction\",\"target\":{\"@type\":\"EntryPoint\",\"urlTemplate\":\"https:\/\/www.inkston.com\/community\/?s={search_term_string}\"},\"query-input\":\"required name=search_term_string\"}],\"inLanguage\":\"en-GB\"},{\"@type\":\"Organization\",\"@id\":\"https:\/\/www.inkston.com\/community\/#organization\",\"name\":\"Inkston\",\"url\":\"https:\/\/www.inkston.com\/community\/\",\"sameAs\":[\"https:\/\/www.instagram.com\/theinkston\/\",\"https:\/\/www.linkedin.com\/company\/13259615\",\"https:\/\/www.pinterest.com\/theinkston\/\",\"https:\/\/www.youtube.com\/channel\/UCaN8Fpz-2n6Y32nxopJPEVw\",\"https:\/\/www.facebook.com\/theinkston\/\",\"https:\/\/twitter.com\/theInkston\"],\"logo\":{\"@type\":\"ImageObject\",\"inLanguage\":\"en-GB\",\"@id\":\"https:\/\/www.inkston.com\/community\/#\/schema\/logo\/image\/\",\"url\":\"https:\/\/www.inkston.com\/wp-content\/uploads\/sites\/2\/2017\/08\/inkston-logo-tr-300x114.png\",\"contentUrl\":\"https:\/\/www.inkston.com\/wp-content\/uploads\/sites\/2\/2017\/08\/inkston-logo-tr-300x114.png\",\"width\":300,\"height\":114,\"caption\":\"Inkston\"},\"image\":{\"@id\":\"https:\/\/www.inkston.com\/community\/#\/schema\/logo\/image\/\"}}]}<\/script>\n<!-- \/ Yoast SEO plugin. -->","yoast_head_json":{"title":"Oriental Art - Studio Directory","description":"Directory of Artists and Calligraphers around the world specialising in Oriental arts.","robots":{"index":"index","follow":"follow","max-snippet":"max-snippet:-1","max-image-preview":"max-image-preview:large","max-video-preview":"max-video-preview:-1"},"canonical":"https:\/\/www.inkston.com\/community\/directory\/","og_locale":"en_GB","og_type":"article","og_title":"Oriental Art - Studio Directory","og_description":"Directory of Artists and Calligraphers around the world specialising in Oriental arts.","og_url":"https:\/\/www.inkston.com\/community\/directory\/","og_site_name":"Inkston Oriental Art Community","article_publisher":"https:\/\/www.facebook.com\/theinkston\/","article_modified_time":"2018-05-20T19:28:20+00:00","og_image":[{"width":1280,"height":1280,"url":"https:\/\/www.inkston.com\/wp-content\/uploads\/sites\/2\/2017\/08\/inkston-design-events-art-materials-poster-o.jpg","type":"image\/jpeg"}],"twitter_card":"summary_large_image","twitter_site":"@theInkston","schema":{"@context":"https:\/\/schema.org","@graph":[{"@type":"WebPage","@id":"https:\/\/www.inkston.com\/community\/directory\/","url":"https:\/\/www.inkston.com\/community\/directory\/","name":"Oriental Art - Studio Directory","isPartOf":{"@id":"https:\/\/www.inkston.com\/community\/#website"},"datePublished":"2017-08-19T03:14:29+00:00","dateModified":"2018-05-20T19:28:20+00:00","description":"Directory of Artists and Calligraphers around the world specialising in Oriental arts.","breadcrumb":{"@id":"https:\/\/www.inkston.com\/community\/directory\/#breadcrumb"},"inLanguage":"en-GB","potentialAction":[{"@type":"ReadAction","target":["https:\/\/www.inkston.com\/community\/directory\/"]}]},{"@type":"BreadcrumbList","@id":"https:\/\/www.inkston.com\/community\/directory\/#breadcrumb","itemListElement":[{"@type":"ListItem","position":1,"name":"Home","item":"https:\/\/www.inkston.com\/community\/"},{"@type":"ListItem","position":2,"name":"Directory"}]},{"@type":"WebSite","@id":"https:\/\/www.inkston.com\/community\/#website","url":"https:\/\/www.inkston.com\/community\/","name":"Inkston Oriental Art Community","description":"community resource provided by Inkston","publisher":{"@id":"https:\/\/www.inkston.com\/community\/#organization"},"potentialAction":[{"@type":"SearchAction","target":{"@type":"EntryPoint","urlTemplate":"https:\/\/www.inkston.com\/community\/?s={search_term_string}"},"query-input":"required name=search_term_string"}],"inLanguage":"en-GB"},{"@type":"Organization","@id":"https:\/\/www.inkston.com\/community\/#organization","name":"Inkston","url":"https:\/\/www.inkston.com\/community\/","sameAs":["https:\/\/www.instagram.com\/theinkston\/","https:\/\/www.linkedin.com\/company\/13259615","https:\/\/www.pinterest.com\/theinkston\/","https:\/\/www.youtube.com\/channel\/UCaN8Fpz-2n6Y32nxopJPEVw","https:\/\/www.facebook.com\/theinkston\/","https:\/\/twitter.com\/theInkston"],"logo":{"@type":"ImageObject","inLanguage":"en-GB","@id":"https:\/\/www.inkston.com\/community\/#\/schema\/logo\/image\/","url":"https:\/\/www.inkston.com\/wp-content\/uploads\/sites\/2\/2017\/08\/inkston-logo-tr-300x114.png","contentUrl":"https:\/\/www.inkston.com\/wp-content\/uploads\/sites\/2\/2017\/08\/inkston-logo-tr-300x114.png","width":300,"height":114,"caption":"Inkston"},"image":{"@id":"https:\/\/www.inkston.com\/community\/#\/schema\/logo\/image\/"}}]}},"_links":{"self":[{"href":"https:\/\/www.inkston.com\/community\/wp-json\/wp\/v2\/pages\/12811"}],"collection":[{"href":"https:\/\/www.inkston.com\/community\/wp-json\/wp\/v2\/pages"}],"about":[{"href":"https:\/\/www.inkston.com\/community\/wp-json\/wp\/v2\/types\/page"}],"author":[{"embeddable":true,"href":"https:\/\/www.inkston.com\/community\/wp-json\/wp\/v2\/users\/1"}],"replies":[{"embeddable":true,"href":"https:\/\/www.inkston.com\/community\/wp-json\/wp\/v2\/comments?post=12811"}],"version-history":[{"count":3,"href":"https:\/\/www.inkston.com\/community\/wp-json\/wp\/v2\/pages\/12811\/revisions"}],"predecessor-version":[{"id":18970,"href":"https:\/\/www.inkston.com\/community\/wp-json\/wp\/v2\/pages\/12811\/revisions\/18970"}],"wp:featuredmedia":[{"embeddable":true,"href":"https:\/\/www.inkston.com\/community\/wp-json\/wp\/v2\/media\/13888"}],"wp:attachment":[{"href":"https:\/\/www.inkston.com\/community\/wp-json\/wp\/v2\/media?parent=12811"}],"curies":[{"name":"wp","href":"https:\/\/api.w.org\/{rel}","templated":true}]}}